. Let u be a(-12). What is the greatest common factor of 96 and u?
24
Let n(j) = j**2 - 6*j - 15. Let c be n(7). Suppose v - 3 + 15 = 0. Let k be (-10 - c)*(v + -2). Calculate the highest common divisor of 14 and k.
14
Let z(i) = i**2 + 6*i + 11. Suppose -5*f = -5*q - 50, -7*q + 3*q - 51 = -5*f. Let l be z(f). Calculate the highest common divisor of 18 and l.
18
Let o(u) = 2*u**2 - 2*u + 114. Let q be o(0). Let a = -110 + q. Calculate the greatest common divisor of 10 and a.
2
Let m be (-3 + 18)*(-16)/(-5). Suppose 0*c - c = -m. Let k(i) = -54*i + 330. Let p be k(6). What is the highest common divisor of c and p?
6
Let b be (1 + (-114)/(-10))/(14 + (-340)/25). Let h be (-1)/4 - 125/(-4). What is the highest common factor of b and h?
31
Suppose 23*k - 26 - 480 = 0. Calculate the highest common factor of k and 803.
11
Let a(w) = w**3 + 17*w**2 - w + 21. Let x be a(-17). Suppose 22 + x = 4*r. What is the greatest common factor of 3 and r?
3
Let u(d) = -d + 17. Let m be u(0). Let c be -51*(2 + 187/(-33)). What is the highest common factor of c and m?
17
Let c be (-11 + 7 - (-2 - -1)) + 20. Suppose 13*j - c*j + 340 = 0. What is the highest common divisor of j and 34?
17
Let q(y) = 5*y + 3. Let r = 0 - -3. Let a be q(r). Calculate the greatest common factor of 9 and a.
9
Suppose 4*y + 8 = -5*a + 3*a, 0 = -3*a + 4*y + 38. Let b(s) = 2*s**2 - 7*s + 10. Let q be b(a). Calculate the greatest common divisor of q and 8.
8
Suppose r + 45 = 3*q + 6*r, -14 = -q - 2*r. Let z = 3192 - 2972. What is the greatest common divisor of q and z?
20
Suppose 0 = 5*t - t. Let x = 7 - t. What is the highest common factor of 49 and x?
7
Let k be 4/(-8)*-14 + 4. Let n = -1 + 3. Let p be -1 + n + 41 - -2. Calculate the greatest common divisor of p and k.
11
Suppose 0 = 5*a + 50 - 75. Let z = 23 + 16. Suppose -4*t + 28 = 4*p, -p = -0*t + a*t - z. Calculate the highest common divisor of t and 72.
8
Let g(z) = 53*z**2 + 4*z + 15. Let r be g(-3). Calculate the greatest common factor of 60 and r.
60
Suppose 0 = -k + 84 - 13. Let o = k + -50. Calculate the highest common factor of o and 14.
7
Let t be (-3008)/(-100) + (-144)/(-75) + -2. What is the highest common factor of 10 and t?
10
Let q be (-4)/10 - 12/(-5). Suppose 5*i - 2*l + 6 - 64 = 0, 2*i + 3*l = 8. Calculate the greatest common factor of i and q.
2
Let y = -12 - -70. Let h(s) = s**2 - 21*s + 123. Let b be h(22). What is the highest common divisor of y and b?
29
Let w = 5 + 5. Let p(b) = -b**3 - 8*b**2 - b + 27. Let c be p(-8). What is the highest common factor of c and w?
5
Let p = -141 - -144. Let w = -10 - -30. Suppose 128 - w = p*v. Calculate the greatest common factor of v and 18.
18
Suppose 0 = 2*f - 6*f + 32. Let j be (-1)/3 - 62/(-6). Let s(l) = -l + 14. Let o be s(j). What is the greatest common factor of o and f?
4
Suppose -552 = 4*h - 7*h. Suppose 4*u = -0*u - h. Let k = u + 79. What is the highest common factor of 11 and k?
11
Suppose -5*z + 2*q + 291 = 0, 19*q - 24*q = -z + 72. What is the highest common factor of 1083 and z?
57
Suppose -3*q = -4*z + 29, -4*z + 7 = -q - 24. What is the greatest common divisor of z and 88?
8
Let b(r) = -r**3 + 8*r**2 - 6*r - 6. Let s be b(6). Let d be 396/12 + -16 + -11. What is the greatest common divisor of s and d?
6
Let d(j) = -j**2 + 14*j - 16. Let p be d(13). Let k be (1/(p/27))/(0 - 1). Calculate the highest common divisor of 3 and k.
3
Let v be (-14)/4*24/(-42). Suppose -v*s + 4*c = s - 42, 3*c + 70 = 5*s. What is the greatest common divisor of s and 154?
14
Let t be (2 - 5) + 5/2*18. Suppose 269 = 8*b - 403. What is the highest common factor of t and b?
42
Let k = 193 - 189. Calculate the highest common divisor of k and 36.
4
Let q be 8/24 + 328/6. Let m(x) = x**3 + 6*x**2 - 12*x - 13. Let t be m(-7). Calculate the greatest common factor of t and q.
11
Let s(o) = o**2 + 33*o + 58. Let w be s(0). Calculate the greatest common divisor of w and 145.
29
Let u = 11 + 0. Suppose -16*x + u*x = -70. What is the highest common divisor of x and 2?
2
Suppose y = 3 - 2. Let q be y*(-7)/3*-3. Let b = 137 - 88. Calculate the greatest common divisor of q and b.
7
Suppose -858 = -94*y + 91*y. Calculate the greatest common factor of y and 88.
22
Let n be 6 - 5 - (-22 - -7). Calculate the greatest common divisor of n and 44.
4
Suppose -9*r = -323 + 80. What is the greatest common divisor of r and 6?
3
Suppose -3*o = -2*o - 173. Suppose 12*v = 43 + o. Calculate the greatest common factor of 24 and v.
6
Suppose 0*c = -3*c + 33. Let x(y) = y - 2. Let g be x(6). Suppose g*r + 0 = 132. Calculate the highest common divisor of r and c.
11
Let j be (1 - 11)*(-1 + -5). Suppose -9*g = -207 - 72. Suppose 7 = u + 5*i, 2*u = 5*u + 5*i - g. What is the highest common factor of j and u?
12
Suppose 3*r + 2*r - 20 = 0. Suppose -r*k + 40 = -2*k. Suppose 0 = -5*m + 75 + 25. Calculate the highest common divisor of k and m.
20
Suppose -2*n + 632 = -3*y, -123*n - 4*y + 1304 = -119*n. Calculate the highest common divisor of n and 92.
46
Let j(o) = -30*o + 1. Let u be j(-1). Let z = -163 + 411. Calculate the greatest common factor of u and z.
31
Suppose -23*n + 24*n = 0. Suppose -2*a + 53 - 5 = n. Let d(g) = g**2 + 17*g + 36. Let r be d(-15). Calculate the highest common divisor of a and r.
6
Let d be (-21 + 9/(-3))*483/(-46). Calculate the highest common divisor of d and 72.
36
Let y(h) = 6*h - 6. Let c = 64 + -62. Let o be y(c). Calculate the greatest common divisor of o and 48.
6
Suppose 125 = -5*z - 5*m, -5*z + 6*z + 21 = -3*m. Let b be 7/(-21)*z*1. Calculate the greatest common factor of 99 and b.
9
Let w = 30 + 11. Let r = w + -29. Suppose -15*l + 18*l - 5*u - 73 = 0, l - 3*u = 15. Calculate the highest common divisor of r and l.
12
Let k(s) = s**2 + 4*s + 4. Let z be k(-6). Suppose z*h - 21*h = 145. Let l = h - -46. Calculate the highest common factor of 153 and l.
17
Suppose -5*w = 4*i + i - 90, i = 2*w - 39. What is the greatest common factor of 76 and w?
19
Suppose -m = -3*m + 8. Suppose 119 = m*q + 19. Let f = 8 + -3. Calculate the greatest common factor of f and q.
5
Let o = 158 - 294. Let y = -73 - o. Suppose -2*v + 12 = -6. Calculate the highest common divisor of y and v.
9
Suppose 2*h + 3*r - 520 = 152, -2*h + 5*r = -704. Calculate the greatest common divisor of h and 144.
18
Let r(n) = -n + 12. Let o be r(-27). What is the highest common divisor of o and 273?
39
Let d(y) = 59*y**2 + 15*y - 45. Let f be d(5). What is the highest common factor of 35 and f?
35
Let t be 29 - 1 - 856/107. What is the highest common factor of 380 and t?
20
Let y(f) = 4*f**2 - f. Let q be y(2). Suppose 41*b - 4466 = 12*b. Calculate the highest common divisor of q and b.
14
Let u(v) = -157*v - 478. Let b be u(-12). What is the greatest common divisor of b and 74?
74
Let k be 13 + -6 + -4 + 7. What is the greatest common factor of k and 76?
2
Let g be (-1)/(-1)*(-2 + 7). Suppose -t - 36 = -g*t. Suppose 121 - 40 = k. What is the greatest common factor of t and k?
9
Suppose 3*i - 35 = 1. Let m(r) be the first derivative of 31*r**2 - 2*r + 24. Let a be m(1). What is the greatest common factor of i and a?
12
Suppose -5*x + 139 = 4*m, -x + 175 = 4*x - 5*m. Suppose -4*p - x = -7. Let h be 1/3 - 298/p. What is the greatest common divisor of 10 and h?
10
Suppose -24*u + 7600 = -4*u. Calculate the greatest common factor of 209 and u.
19
Let d be (-2)/((-2)/7) - -3. Let b = -23 - -27. What is the highest common factor of d and b?
2
Suppose -9*g = -3*m - 4*g + 106, 2*m - g = 66. Suppose -135 = -2*p + 5*n, 4*p - 2*n = 3*p + 70. What is the highest common factor of p and m?
16
Let d be 5 - 0 - (-126)/14. Calculate the highest common factor of 154 and d.
14
Let s(f) = -f**3 + 17*f**2 - 16*f - 1. Let l be s(16). Let x be l/(-4)*-22*-2. What is the highest common factor of 1 and x?
1
Suppose -3*d + j = -148, 4*d - 3*j - 139 = 55. Let h(p) = 5*p. Let l(s) = s + 4. Let u be l(0). Let i be h(u). What is the highest common divisor of i and d?
10
Let g(p) = 3*p**2 - 21*p + 3. Let r be g(-5). What is the highest common factor of r and 305?
61
Let w(m) = m + 1. Let c be w(1). Suppose 86 = 2*n - c*p - 0*p, 2*p = -6. Calculate the greatest common divisor of n and 8.
8
Let y be -1*((-6)/(-3) + -35). Suppose -13 - 6 = -b. Let f = y - b. Wh